*2 + c - 27. What is a(7)?
29
Let r(t) = 5*t**2 + 190*t + 160. Calculate r(-37).
-25
Let h(g) = -2*g**2 - 8*g - 40. What is h(-16)?
-424
Let n(a) = 3*a**2 + 16*a + 32. Determine n(-8).
96
Let w(b) = 2*b**3 - 48*b**2 + 47*b - 1129. Determine w(24).
-1
Let n(y) = 4*y + 72. Give n(26).
176
Let x(j) = 163*j - 19. Calculate x(0).
-19
Let f(p) = 19*p - 103. Determine f(0).
-103
Let z(d) = -d**2 + 9*d + 149. Give z(29).
-431
Let o(s) = s**3 + 57*s**2 + 288*s + 123. Determine o(-5).
-17
Let a(o) = -8*o**2 + 56*o + 10. Give a(7).
10
Let u(i) = 46*i + 76. Determine u(-7).
-246
Let i(d) = -d**2 - 12*d - 145. Give i(-10).
-125
Let m(y) = 2*y**3 - 64*y**2 - 20*y + 633. Calculate m(32).
-7
Let b(n) = 2*n + 15. Determine b(16).
47
Let w(o) = 7*o**2 + 67*o - 41. Determine w(-10).
-11
Let a(h) = -h**3 - 12*h**2 + 29*h - 21. Calculate a(-14).
-35
Let x(j) = j**3 + 27*j**2 - 25*j - 5. Determine x(-28).
-89
Let a(k) = -k**3 + 23*k**2 - 131*k + 141. Calculate a(7).
8
Let b(o) = o**2 + 34*o - 109. Determine b(-37).
2
Let y(v) = -2*v**2 - 10*v - 3. What is y(-6)?
-15
Let g(d) = -d**3 - 8*d**2 - 8*d - 9. Determine g(-7).
-2
Let u(r) = r**2 + 5*r - 5. Give u(-2).
-11
Let a(y) = y + 19. Calculate a(-16).
3
Let y(i) = 32*i**2 + 32*i - 395. Calculate y(-4).
-11
Let s(k) = 88*k**2 - 4*k + 6. Determine s(0).
6
Let g(c) = c**2 + 3*c - 31. What is g(4)?
-3
Let s(z) = -3*z**2 - 8*z + 12. What is s(-5)?
-23
Let c(f) = 154*f + 3. Determine c(-1).
-151
Let f(b) = b**3 + 9*b**2 + 54*b + 256. Calculate f(-7).
-24
Let h(n) = n**3 + 47*n**2 + 40*n - 266. What is h(-46)?
10
Let j(q) = 2*q**2 + 696*q + 6755. What is j(-10)?
-5
Let f(c) = 3*c**2 - 296*c + 2258. Determine f(8).
82
Let x(r) = r**3 - 12*r**2 + 41*r - 30. What is x(4)?
6
Let d(l) = l**2 + 45*l - 2365. Give d(31).
-9
Let p(k) = k**2 - 93*k + 1109. Calculate p(79).
3
Let x(l) = l**3 + 10*l**2 - 11*l - 264. Give x(-14).
-894
Let a(r) = -13*r**3 - 4*r**2 - 64*r + 67. Give a(1).
-14
Let g(l) = 8*l**3 - 215*l**2 - 25*l - 142. What is g(27)?
-88
Let d(k) = k**3 + 25*k**2 + 49*k - 16. Calculate d(-23).
-85
Let l(z) = -8*z**2 + 112*z - 238. Give l(12).
-46
Let m(n) = -3*n**3 - 73*n**2 - 121*n - 2334. Give m(-24).
-6
Let l(h) = 57*h - 1408. What is l(24)?
-40
Let i(q) = -81*q + 613. Give i(8).
-35
Let j(y) = -y**2 + 19*y - 8. What is j(-5)?
-128
Let r(z) = 37*z - 559. Give r(15).
-4
Let w(j) = j**3 + 24*j**2 - 21*j + 93. Give w(-25).
-7
Let f(k) = 2*k**2 + 48*k + 579. Calculate f(-15).
309
Let b(s) = 2*s**3 - 32*s - 145. What is b(-5)?
-235
Let p(v) = v**3 - 41*v**2 - 7*v + 290. What is p(41)?
3
Let i(c) = 49*c - 2425. Give i(49).
-24
Let o(u) = 25*u**2 - 108*u - 1839. Calculate o(11).
-2
Let z(i) = i**2 + 665*i + 3982. What is z(-6)?
28
Let q(z) = 421*z + 35. Calculate q(1).
456
Let s(k) = -3*k**2 - 8*k + 172. What is s(7)?
-31
Let h(o) = o**3 + 8*o**2 - 4*o + 33. Calculate h(-9).
-12
Let q(b) = -10*b**2 - 400*b + 36. Give q(-40).
36
Let i(t) = -51*t**2 + 304*t + 35. Calculate i(6).
23
Let m(a) = 1543*a - 26218. Determine m(17).
13
Let k(b) = b**2 + 13*b - 249. What is k(10)?
-19
Let y(o) = 143*o - 2387. Calculate y(16).
-99
Let y(w) = w**2 - 157*w - 160. Calculate y(158).
-2
Let l(k) = -5*k**2 + 221*k + 642. Determine l(47).
-16
Let n(f) = -f**2 - 9*f + 137. What is n(-12)?
101
Let z(a) = a**3 + 24*a + 92. Give z(-3).
-7
Let m(z) = -1496*z - 246845. Calculate m(-165).
-5
Let f(m) = -m**2 - 10*m + 135. Calculate f(-25).
-240
Let i(w) = -2*w**3 - 64*w**2 + 45*w - 704. What is i(-33)?
-11
Let o(r) = r**3 - 23*r**2 + 41*r + 33. Give o(21).
12
Let o(g) = 73*g**3 + 3*g + 3. Determine o(-1).
-73
Let j(z) = -z**3 - 16*z**2 - 42*z - 26. Calculate j(-13).
13
Let n(m) = -m**3 - 14*m**2 + 47*m - 77. Determine n(-17).
-9
Let x(w) = -3*w**3 - 8*w**2 + 14*w + 31. Give x(-2).
-5
Let r(n) = 8*n + 38. Give r(-11).
-50
Let a(h) = -3*h**3 + 13*h**2 + 53*h - 229. Give a(5).
-14
Let i(q) = -q**2 - 13*q + 360. Give i(28).
-788
Let s(v) = -v**3 - 27*v**2 + 363*v + 61. Determine s(10).
-9
Let i(b) = b**3 + 12*b**2 + 42*b + 5. What is i(-6)?
-31
Let t(h) = -h**3 + 8*h**2 + 5*h + 176. Determine t(10).
26
Let y(a) = -85*a - 756. What is y(-9)?
9
Let o(m) = -1119*m + 17893. Give o(16).
-11
Let d(k) = -10*k**2 + 391*k - 1546. Calculate d(4).
-142
Let o(q) = -q**2 - 17*q - 97. What is o(-8)?
-25
Let y(c) = 18*c - 2557. What is y(135)?
-127
Let y(s) = -s**2 - 5*s + 346. Calculate y(16).
10
Let a(c) = 74*c - 367. Calculate a(12).
521
Let n(c) = 23*c**2 - 156*c - 155. Determine n(-1).
24
Let o(p) = p**2 - p + 182. Calculate o(-9).
272
Let s(o) = -o**3 - 17*o**2 + 60*o + 962. What is s(-17)?
-58
Let t(i) = 20*i - 199. Calculate t(8).
-39
Let x(i) = 80*i - 79. Determine x(2).
81
Let s(k) = -16*k**2 - 38*k + 29. Determine s(4).
-379
Let z(q) = -43*q**2 - 125*q + 28. Calculate z(-3).
16
Let r(p) = p**3 + 59*p**2 + 51*p - 401. Determine r(-58).
5
Let s(x) = -5*x**2 - 27*x + 118. Calculate s(-7).
62
Let s(x) = -125*x + 1756. Give s(14).
6
Let q(g) = -g**3 - 79*g**2 - 25*g - 1963. Give q(-79).
12
Let k(i) = -4*i**2 - 73*i - 307. What is k(-10)?
23
Let m(g) = g**3 - g**2 - g - 121. Determine m(8).
319
Let o(r) = 2*r**3 + 25*r**2 + 11*r - 26. What is o(-12)?
-14
Let j(u) = 17*u**2 + 232*u - 360. Give j(-15).
-15
Let d(z) = -z**3 - 144*z**2 + 2596*z - 570. Give d(16).
6
Let h(z) = 57*z - 514. Calculate h(10).
56
Let c(r) = r**3 - 14*r**2 + 34*r - 22. Give c(11).
-11
Let j(q) = -3*q**2 - 22*q + 427. Calculate j(8).
59
Let c(g) = 3*g**2 + 73*g + 433. What is c(-10)?
3
Let c(h) = -h**2 + 23*h + 173. Calculate c(31).
-75
Let t(a) = -1854*a - 48209. Give t(-26).
-5
Let g(s) = -13*s + 126. Determine g(19).
-121
Let m(c) = 75*c + 4656. Determine m(-62).
6
Let x(k) = 7*k**2 + 17*k + 10. What is x(-2)?
4
Let f(s) = 103*s**2 + 817*s - 52. Calculate f(-8).
4
Let g(c) = -745*c - 6705. Calculate g(-9).
0
Let q(x) = 13354*x + 80117. Give q(-6).
-7
Let d(c) = -221*c + 1443. Determine d(7).
-104
Let f(t) = -t**3 + 8*t**2 - 9*t + 41. Calculate f(8).
-31
Let i(y) = -4*y**2 + 158*y - 201. Give i(38).
27
Let b(u) = -u**2 - 51*u - 602. Determine b(-17).
-24
Let l(f) = -f**3 + 53*f**2 + 73*f + 2109. Calculate l(55).
74
Let y(h) = 58*h - 2894. Give y(50).
6
Let z(o) = 2*o**3 - 12*o**2 + 37*o - 178. Determine z(7).
179
Let c(v) = v**3 + 12*v**2 + 25*v + 8. What is c(-7)?
78
Let r(u) = 688*u - 3448. Give r(5).
-8
Let y(r) = 14*r**2 + 501*r - 107. Determine y(-36).
1
Let m(l) = -l**3 - 88*l**2 - 189*l - 1474. Calculate m(-86).
-12
Let h(t) = -t**2 - 95*t + 1058. What is h(10)?
8
Let j(d) = 3*d**3 + 65*d**2 - 111*d - 429. What is j(-23)?
8
Let l(h) = 104*h - 1618. Give l(16).
46
Let w(m) = m**2 + 3*m - 1043. What is w(-34)?
11
Let o(v) = -21*v**2 + 90*v + 91. Give o(-1).
-20
Let h(r) = -2*r**3 - 59*r**2 - 33*r + 25. Calculate h(-29).
141
Let j(t) = -135*t - 1075. What is j(-8)?
5
Let o(w) = 28*w + 470. Give o(-17).
-6
Let h(n) = 2*n**2 - 64*n - 2. Calculate h(28).
-226
Let n(m) = 42*m**2 - m - 1. Calculate n(-2).
169
Let q(h) = 10804*h - 64823. Determine q(6).
1
Let v(t) = -32*t - 3550. Calculate v(-110).
-30
Let h(u) = 3*u**2 - 190*u + 2797. Give h(40).
-3
Let g(c) = c**2 + 446*c - 5965. Give g(13).
2
Let v(l) = -l**3 + 8*l**2 + 18*l - 61. Determine v(8).
83
Let c(l) = -2*l**2 + 71*l - 529. Give c(20).
91
Let c(l) = -6*l + 422. What is c(68)?
14
Let k(u) = u**2 - 21*u - 794. Determine k(-19).
-34
Let t(b) = b**3 + 23*b**2 - 3*b + 623. What is t(-24)?
119
Let i(o) = -o**3 + 15*o**2 + 28*o + 98. Calculate i(17).
-4
Let c(x) = -x**3 + 51*x**2 - 62*x + 542. Determine c(50).
-58
Let c(n) = 26*n**2 - 301*n + 300. Determine c(1).
25
Let m(w) = 9*w**2 + 87*w - 6. Determine m(-9).
-60
Let b(p) = -14*p**2 - 69*p + 92. Give b(-6).
2
Let k(m) = 2*m**2 - 14*m - 153. Give k(-6).
3
Let j(k) = -k**2 - 65*k - 195. What is j(-62)?
-9
Let d(p) = 882*p + 1745. Calculate d(-2).
-19
Let g(c) = c**2 + 34*c + 376. Determine g(-21).
103
Let p(r) = -8*r**2 + 105*r - 218. What is p(10)?
32
Let w(c) = -2*c**2 + 233*c + 2650. What is w(127)?
-17
Let z(b) = b + 397. Give z(-9).
388
Let o(n) = -4*n**3 - 94*n**2 - 441*n + 11. Calculate o(-17).
-6
Let k(y) = -y**3 + 441*y**2 - 3480*y + 116. Calculate k(8).
-12
Let l(n) = n**3 - 13*n**2 + 18*n + 4. Determine l(4).
-68
Let n(m) = 4*m**2 - 11*m - 18. Calculate n(4).
2
Let b(q) = 